ens digit of 2255?
5
What is the ten thousands digit of 50031?
5
What is the ten thousands digit of 12208?
1
What is the thousands digit of 163151?
3
What is the hundreds digit of 18003?
0
What is the units digit of 4739?
9
What is the units digit of 818?
8
What is the tens digit of 29906?
0
What is the units digit of 90387?
7
What is the thousands digit of 87472?
7
What is the hundreds digit of 596?
5
What is the units digit of 114654?
4
What is the tens digit of 2202?
0
What is the hundreds digit of 37624?
6
What is the units digit of 6648?
8
What is the hundreds digit of 1669?
6
What is the thousands digit of 90165?
0
What is the tens digit of 28416?
1
What is the tens digit of 28550?
5
What is the thousands digit of 37070?
7
What is the thousands digit of 5361?
5
What is the thousands digit of 1076?
1
What is the units digit of 3052?
2
What is the ten thousands digit of 39240?
3
What is the units digit of 802?
2
What is the thousands digit of 1613?
1
What is the hundreds digit of 4205?
2
What is the thousands digit of 6280?
6
What is the tens digit of 76480?
8
What is the units digit of 134?
4
What is the units digit of 387?
7
What is the hundreds digit of 265?
2
What is the hundreds digit of 2071?
0
What is the thousands digit of 5257?
5
What is the thousands digit of 3516?
3
What is the units digit of 773?
3
What is the ten thousands digit of 35193?
3
What is the units digit of 6563?
3
What is the tens digit of 545?
4
What is the hundreds digit of 79940?
9
What is the units digit of 26398?
8
What is the units digit of 891?
1
What is the tens digit of 2707?
0
What is the units digit of 308?
8
What is the tens digit of 1651?
5
What is the hundreds digit of 17460?
4
What is the thousands digit of 10481?
0
What is the hundreds digit of 2601?
6
What is the tens digit of 3028?
2
What is the hundreds digit of 85770?
7
What is the tens digit of 716?
1
What is the hundreds digit of 1454?
4
What is the hundreds digit of 1262?
2
What is the hundreds digit of 44008?
0
What is the tens digit of 3366?
6
What is the tens digit of 195?
9
What is the hundreds digit of 3053?
0
What is the units digit of 3901?
1
What is the tens digit of 148672?
7
What is the hundreds digit of 709?
7
What is the thousands digit of 25526?
5
What is the units digit of 1802?
2
What is the hundred thousands digit of 108959?
1
What is the thousands digit of 2598?
2
What is the tens digit of 59093?
9
What is the units digit of 1691?
1
What is the hundreds digit of 23198?
1
What is the tens digit of 580?
8
What is the tens digit of 1545?
4
What is the hundreds digit of 826?
8
What is the units digit of 234?
4
What is the units digit of 190?
0
What is the tens digit of 4041?
4
What is the hundreds digit of 1416?
4
What is the thousands digit of 66362?
6
What is the units digit of 42555?
5
What is the units digit of 5686?
6
What is the hundreds digit of 1732?
7
What is the tens digit of 114?
1
What is the units digit of 874?
4
What is the ten thousands digit of 12542?
1
What is the hundreds digit of 608?
6
What is the tens digit of 51667?
6
What is the units digit of 12404?
4
What is the hundreds digit of 42029?
0
What is the units digit of 231?
1
What is the hundreds digit of 886?
8
What is the hundreds digit of 1005?
0
What is the units digit of 11659?
9
What is the thousands digit of 8173?
8
What is the units digit of 29849?
9
What is the units digit of 348?
8
What is the hundreds digit of 43171?
1
What is the units digit of 815?
5
What is the thousands digit of 1116?
1
What is the hundreds digit of 10646?
6
What is the tens digit of 13452?
5
What is the thousands digit of 2523?
2
What is the hundreds digit of 3696?
6
What is the ten thousands digit of 18490?
1
What is the units digit of 8100?
0
What is the units digit of 752?
2
What is the hundred thousands digit of 125092?
1
What is the tens digit of 25079?
7
What is the thousands digit of 2858?
2
What is the tens digit of 2172?
7
What is the units digit of 10719?
9
What is the tens digit of 1011?
1
What is the thousands digit of 3510?
3
What is the ten thousands digit of 11200?
1
What is the ten thousands digit of 37283?
3
What is the tens digit of 3772?
7
What is the units digit of 823?
3
What is the ten thousands digit of 14357?
1
What is the units digit of 301?
1
What is the hundreds digit of 41137?
1
What is the hundreds digit of 12485?
4
What is the tens digit of 6796?
9
What is the units digit of 1485?
5
What is the tens digit of 55?
5
What is the tens digit of 953?
5
What is the units digit of 12079?
9
What is the ten thousands digit of 85826?
8
What is the units digit of 4889?
9
What is the hundreds digit of 674?
6
What is the units digit of 460?
0
What is the hundreds digit of 195?
1
What is the tens digit of 4722?
2
What is the units digit of 3610?
0
What is the units digit of 611?
1
What is the units digit of 3118?
8
What is the hundreds digit of 41939?
9
What is the tens digit of 1674?
7
What is the units digit of 1800?
0
What is the thousands digit of 8537?
8
What is the units digit of 13953?
3
What is the thousands digit of 3737?
3
What is the thousands digit of 2502?
2
What is the units digit of 479?
9
What is the hundreds digit of 225?
2
What is the tens digit of 122?
2
What is the hundreds digit of 159?
1
What is the hundreds digit of 680?
6
What is the hundreds digit of 805?
8
What is the units digit of 17029?
9
What is the ten thousands digit of 89995?
8
What is the hundreds digit of 1806?
8
What is the units digit of 151?
1
What is the thousands digit of 19629?
9
What is the units digit of 562?
2
What is the hundreds digit of 2870?
8
What is the units digit of 54260?
0
What is the units digit of 2311?
1
What is the tens digit of 1260?
6
What is the ten thousands digit of 26020?
2
What is the tens digit of 1614?
1
What is the units digit of 22515?
5
What is the units digit of 1032?
2
What is the units digit of 56148?
8
What is the units digit of 11660?
0
What is the tens digit of 5906?
0
What is the thousands digit of 2689?
2
What is the units digit of 60885?
5
What is the hundreds digit of 52242?
2
What is the hundreds digit of 415?
4
What is the hundreds digit of 1929?
9
What is the hundreds digit of 12890?
8
What is the units digit of 415?
5
What is the units digit of 2109?
9
What is the tens digit of 48018?
1
What is the tens digit of 4245?
4
What is the tens digit of 35885?
8
What is the units digit of 5061?
1
What is the thousands digit of 12134?
2
What is the thousands digit of 10045?
0
What is the units digit of 66314?
4
What is the hundreds digit of 143?
1
What is the hundreds digit of 114223?
2
What is the thousands digit of 1039?
1
What is the units digit of 2345?
5
What is the units digit of 943?
3
What is the thousands digit of 14812?
4
What is the units digit of 722?
2
What is the thousands digit of 3594?
3
What is the thousands digit of 5082?
5
What is the tens digit of 1130?
3
What is the thousands digit of 1479?
1
What is the hundreds digit of 174806?
8
What is the tens digit of 23701?
0
What is the hundreds digit of 1712?
7
What is the tens digit of 62424?
2
What is the hundreds digit of 13598?
5
What is the tens digit of 80034?
3
What is the tens digit of 32426?
2
What is the thousands digit of 6622?
6
What is the units digit of 1393?
3
What is the tens digit of 13153?
5
What is the units digit of 2587?
7
What is the thousands digit of 1776?
1
What is the thousands digit of 1276?
1
What is the hundred thousands digit of 186585?
1
What is the tens digit of 1116?
1
What is the units digit of 29349?
9
What is the hundreds digit of 961?
9
What is the hundreds digit of 3676?
6
What is the units digit of 550?
0
What is the tens digit of 7376?
7
What is the units digit of 1230?
0
What is the tens digit of 7992?
9
What is the hundreds digit of 3565?
5
What is the tens digit of 243?
4
What is the units digit of 4017?
7
What is the thousands digit of 6600?
6
What is the tens digit of 7286?
8
What is the hundreds digit of 2563?
5
What is the ten thousands digit of 51690?
5
What is the units digit of 55277?
7
What is the units digit of 37116?
6
What is the units digit of 47712?
2
What is the tens digit of 2833?
3
What is the units digit of 1058?
8
What is the thousands digit of 60750?
0
What is 